NOAA Reports/Αναφορές NOAA

Select a Year or Month report
2019 > Jan Feb Mar Apr May Jun Jul Aug Sep Oct Nov Dec

Report for 2019 08
                   MONTHLY CLIMATOLOGICAL SUMMARY for AUG. 2019

NAME: Agriana Weather Station   CITY: Agriana   STATE: Greece 
ELEV:    90 m  LAT:  35 20' 11" N  LONG:  25 20' 00" E

                   TEMPERATURE (C), RAIN  (mm), WIND SPEED (km/hr)

                                      HEAT  COOL        AVG
    MEAN                              DEG   DEG         WIND                 DOM
DAY TEMP  HIGH   TIME   LOW    TIME   DAYS  DAYS  RAIN  SPEED HIGH   TIME    DIR
------------------------------------------------------------------------------------
 1  28.0  31.7   15:45  24.1    6:20   0.0   9.7   0.0   6.6  27.4   15:25   WNW
 2  29.2  31.8   14:50  27.1    3:55   0.0  10.9   0.0   7.9  29.0   13:30   WNW
 3  29.1  35.8   13:20  24.9    5:40   0.0  10.8   0.0   4.0  20.9   13:40   WNW
 4  28.4  31.3   17:05  24.9    3:20   0.0  10.1   0.0   6.0  33.8   10:05   WNW
 5  26.3  29.4   16:35  22.9    5:15   0.0   8.1   0.0   7.7  29.0   14:35   WNW
 6  26.2  29.1   14:20  24.2   23:10   0.0   7.9   0.0  11.3  35.4   14:35   WNW
 7  25.9  28.3   14:40  23.6    5:55   0.0   7.6   0.0   7.7  25.7    9:40   WNW
 8  25.4  30.2   16:35  20.4    6:35   0.0   7.1   0.0   4.0  20.9   11:15   WNW
 9  25.9  30.7   16:55  19.9    6:10   0.0   7.7   0.0   5.5  22.5   12:50   WNW
10  26.6  29.8   12:15  22.8    4:25   0.0   8.2   0.0   6.4  32.2   13:35   WNW
11  26.5  30.4   14:45  22.9    4:25   0.0   8.2   0.0   5.5  25.7   11:05   WNW
12  26.1  29.6   14:35  22.7    6:40   0.0   7.7   0.0   4.8  25.7   12:20   WNW
13  26.2  29.9   13:40  22.2    3:25   0.0   7.9   0.0   4.0  20.9   11:20   WNW
14  26.1  29.7   13:25  22.2    4:55   0.0   7.8   0.0   4.2  22.5   12:15   WNW
15  26.4  30.7   15:40  21.4    6:20   0.0   8.1   0.0   3.4  16.1   13:00    SW
16  26.3  30.3   14:45  22.1    4:40   0.0   8.1   0.0   3.9  19.3   11:50   WNW
17  25.8  29.1   13:00  22.6    6:30   0.0   7.5   0.0   4.2  22.5   14:00   WNW
18  25.4  27.9   14:30  23.2    6:40   0.0   7.1   0.0   9.2  30.6   17:00    NW
19  25.4  28.1   15:00  23.4    6:35   0.0   7.1   0.0   9.0  32.2   14:20   WNW
20  24.9  27.4   14:25  23.1    5:10   0.0   6.6   0.0   7.4  27.4   14:50   WNW
21  25.1  27.9   13:40  23.1    2:30   0.0   6.8   0.0   5.5  24.1   13:25   WNW
22  25.4  28.7   14:40  21.3    5:40   0.0   6.3   0.0   6.1  30.6   13:05   WNW
23
24
25
26
27
28
29
30
31
-------------------------------------------------------------------------------------
    26.4  35.8     3    19.9     9     0.0 177.4   0.0   6.1  35.4     6     WNW

Max >=  32.0:  1
Max <=   0.0:  0
Min <=   0.0:  0
Min <= -18.0:  0
Max Rain: 0.00 ON 01/08/19
Days of Rain: 0 (> .2 mm) 0 (> 2 mm) 0 (> 20 mm)
Heat Base:  18.3  Cool Base:  18.3  Method: Integration